tor of 6 and d?
6
Let k be 3/(-6)*-2*8. Calculate the highest common divisor of 32 and k.
8
Suppose -5*i = -4*o - 124, -44 = -i - 3*o - o. What is the greatest common divisor of i and 7?
7
Suppose -4*t = -4*r - 232, 35 = t + 2*r - 14. Suppose 5*q - 2*n - 49 = 0, -3*q = 5*n - t + 7. Calculate the highest common divisor of q and 11.
11
Suppose 11*y + 175 = 16*y. What is the highest common divisor of y and 280?
35
Let v = 81 - -103. Calculate the greatest common factor of v and 23.
23
Let c be (-140)/(-12) + (-1)/(-3). Suppose -g = -5*g + 96. Calculate the highest common divisor of g and c.
12
Let r(n) = 24*n**2 + 1. Let h be r(-1). Suppose 0 = -g - g - 2*i, 0 = -g + i + 10. Calculate the greatest common factor of g and h.
5
Let v be (-10)/((-2)/28*2). Suppose -4*d = h - 60, d + 2*h - 22 = -0*d. What is the greatest common factor of d and v?
14
Suppose -3*l + 260 = -52. Suppose s = 85 + l. Suppose 2*o - 21 = 2*z + 21, 0 = 4*o - z - 84. What is the greatest common factor of o and s?
21
Let y(v) = -v**2 - 7*v + 9. Let z be y(-7). Let k(i) = -i + 7. Let f be k(5). Let h = f - -1. What is the greatest common factor of z and h?
3
Let k be (-2)/(-12) + 6/(-36). Let f be 15/20*(k + 92). Suppose c - 61 = -q, -c - q + 2*q = -f. What is the highest common factor of c and 26?
13
Let w(o) = -o**2 + 9*o + 3. Let q be w(9). Calculate the greatest common divisor of q and 27.
3
Suppose 0 = 5*n - 4 - 6. Suppose 0*z - 2 = -3*r - n*z, -3*r - 4*z = 2. Calculate the highest common divisor of r and 2.
2
Suppose 0 = -2*i + 4*k + 67 + 85, 0 = 2*i + 3*k - 180. Suppose -5*b - 2*u = -280, 2*b = 4*u - 0 + 112. Calculate the highest common divisor of i and b.
28
Let r = -7 + 12. Suppose 3*n = r*k + 130, 0*n = n - 5*k - 30. Suppose -o - o + n = 0. Calculate the highest common divisor of 5 and o.
5
Let x(p) = -p**2 + 6*p + p + 2*p + 0*p - 8. Let m be x(7). Suppose 3*c - 4*c + 18 = 0. Calculate the greatest common divisor of c and m.
6
Suppose -d - d = 3*o - 56, -5*d = -20. Calculate the greatest common factor of o and 176.
16
Let z be 0 - 2 - 23*-1. Let m(v) = v - 5. Let g be m(8). Calculate the highest common factor of z and g.
3
Let o = 40 - -23. Calculate the highest common factor of 42 and o.
21
Let q be (-22)/18 - 2/(-9). Let d = 2 - q. Let v(n) = n + 13. Let z be v(-12). Calculate the greatest common divisor of d and z.
1
Let r be 32/1 - (-4)/(-2). Let s(j) = -11*j + 1. Suppose -3*l + 1 - 13 = 0. Let c be s(l). What is the highest common divisor of r and c?
15
Let f(g) = g**2 - 14*g + 25. Let b be f(12). What is the highest common divisor of b and 7?
1
Let t = -3 + 5. Suppose t*j - 7*j = -260. Suppose 2*a + 0*a = -4*w + 68, -j = -3*w - 2*a. What is the highest common divisor of w and 48?
16
Suppose 65 = 5*d - 0*d. Suppose 9*g - d*g = -140. What is the highest common factor of g and 7?
7
Let m(x) = x**2 - 3*x - 2. Let a be m(-2). Suppose 5*b + r = 2*r + 441, 4*r + 268 = 3*b. Calculate the highest common factor of a and b.
8
Suppose 152 + 30 = 2*l. Calculate the highest common factor of l and 13.
13
Let l(v) be the third derivative of -v**4/8 + v**3/6 + 2*v**2. Let w be l(-5). Let z be (-79 - 1)/(3/(-6)). What is the greatest common divisor of z and w?
16
Let s = 8 - 5. Let d = s - -7. Calculate the greatest common divisor of d and 2.
2
Suppose 3*j - 6 + 3 = 0. Suppose 8 = 3*z - j. What is the highest common divisor of 15 and z?
3
Suppose -6*r + 6 = -3*r. Suppose 26 = 4*l - 10. Let a = r + l. Calculate the highest common divisor of a and 121.
11
Let g = -16 + 26. Let b be ((-36)/g)/(8/(-20)). What is the greatest common divisor of b and 9?
9
Suppose -1 = a + 69. Let o be (-3 - a)*(-3 - -2). Let y = o + 101. What is the greatest common divisor of 51 and y?
17
Let c = 58 - 57. What is the highest common divisor of 11 and c?
1
Let x(r) = r**2 - r - 2. Let t be x(0). Let k be 24 - t*(-2)/(-4). Suppose -3*v + 2*v + 10 = 0. Calculate the highest common factor of k and v.
5
Let q(o) = -2*o - 1. Let k be q(-3). Suppose -7 = -3*b + k. Let z(s) = -s - 1. Let d be z(-7). What is the greatest common divisor of b and d?
2
Suppose 0 = 5*y - 7*y + 30. Suppose y = -4*l + 231. Calculate the highest common divisor of 18 and l.
18
Let u be 32/6*(-12)/(-2). Suppose 10 = 2*w - h, 0 = -4*w - 5*h + h + u. Calculate the greatest common factor of 15 and w.
3
Suppose 36 = 9*o - 3*o. What is the highest common factor of 33 and o?
3
Suppose r = -4*o + 17, o = r - 2*o + 4. Suppose h - 6*h = r*x - 10, -x = -1. Let k be ((-2)/h)/((-1)/2). Calculate the highest common divisor of 1 and k.
1
Let a(u) = u**3 - 4*u**2 - 2*u - 7. Let x = -5 + 10. Let s be a(x). Calculate the highest common divisor of 1 and s.
1
Suppose 7 = -3*f + 43. Calculate the greatest common divisor of f and 8.
4
Suppose 3*t - 6 = 0, -3*i + 16 = -3*t + 2*t. Calculate the greatest common factor of i and 30.
6
Let f = -15 + 33. Let w(v) = v**3 + 5*v**2 + 4. Let n be w(-5). Suppose -h = r - 3*h, -f = -r - n*h. Calculate the highest common factor of 3 and r.
3
Suppose 5 - 1 = -s. Let j be 3/(-6) - 706/s. What is the highest common factor of j and 22?
22
Suppose -1 - 1 = -2*x. Let p be ((-1)/(-4))/(2/(2 - -6)). Calculate the highest common factor of x and p.
1
Suppose 2*n + 0*n - 6 = 0. Let k = 72 - 45. What is the highest common divisor of k and n?
3
Suppose -3*h = -7*h - 5*f + 33, -4*f = -h - 18. Suppose -h*t + 10 - 2 = 0. What is the highest common factor of 28 and t?
4
Let u(a) = -4*a - 16. Let n be u(-8). Calculate the highest common factor of n and 112.
16
Let a be (-16)/(-3) - 4/(-6). Let h(m) = -5*m + 3. Let r be h(3). Let g = 0 - r. Calculate the highest common divisor of g and a.
6
Let d(p) = 54*p**2 - 3*p - 1. Let w be d(-1). Calculate the greatest common divisor of 7 and w.
7
Let d be (10 - (1 + 0)) + -1. Calculate the greatest common divisor of d and 16.
8
Let g be ((2*-1)/(-2))/1. Let b be 71 + (2/g)/(-2). Let i = -24 + 38. Calculate the highest common divisor of i and b.
14
Let x = 1 - -2. Suppose 2*f + 78 = 5*s, 3*f + 62 = x*s - 2*f. Let d = -44 - -79. What is the highest common divisor of s and d?
7
Suppose 223 = 2*o - 43. What is the greatest common factor of 19 and o?
19
Let v = -12 + 14. Suppose v*j = 18 + 2. Calculate the greatest common divisor of 70 and j.
10
Suppose 15 - 3 = 5*z - 2*t, -5*z + t + 16 = 0. Let y = -2 + z. Calculate the highest common factor of y and 4.
2
Suppose -3*o - 7 + 118 = 0. Suppose o = -4*g + 197. Suppose 0*m + g = 5*m. Calculate the greatest common divisor of 56 and m.
8
Suppose 0 = -4*u + 36 + 76. Suppose -7*k + 6*k + 308 = 0. Calculate the highest common divisor of k and u.
28
Let l = -1 - 0. Let k = 10 - l. What is the highest common divisor of k and 11?
11
Let m be (8/(-2))/(3/(-18)). Calculate the highest common divisor of m and 16.
8
Let j be (-2)/(-5) - 14/10. Let k be (j/((-2)/14))/1. Let b(z) = 2*z**2 + 8*z + 4. Let c be b(-6). What is the greatest common divisor of k and c?
7
Let p(t) = 185*t**2 - t + 1. Let s be p(1). Suppose -s = -6*b + b. Suppose 3*h - 4*r - b = -2*h, -12 = 4*r. What is the greatest common divisor of h and 25?
5
Let l be 21/3 - (-1 + 0). Suppose 2*g = -l, -28 = -2*d + g - 4*g. What is the greatest common divisor of 5 and d?
5
Suppose -5*z + 0*o - 10 = 5*o, -z = -5*o + 8. Let r = 0 - z. Suppose 2*q + 9 + 49 = 4*w, -4*q = -r*w + 56. What is the greatest common factor of w and 12?
12
Let f = -21 + 57. Let q(i) = -7*i + 9. Let j(r) = 20*r - 28. Let y(a) = 3*j(a) + 8*q(a). Let s be y(6). Calculate the highest common factor of f and s.
12
Let f(y) = -2*y + 14. Let x be f(-12). Calculate the highest common divisor of 2 and x.
2
Let r be ((-18)/(-8))/(6/32). Let j be 3/r + 395/4. Let y = 61 + j. What is the greatest common factor of y and 20?
20
Let l = 93 - 30. Let m be 1/(-5) - l/(-15). Suppose 5*b + 68 = m*a, 5*a = 3*b + 2*b + 80. What is the highest common factor of a and 96?
12
Suppose -3*c + 10 = 5*m, -5*m + 23 = 5*c - 3*m. Suppose 5*u - 5*r - 900 = 0, 3*u - 305 = -c*r + 251. Calculate the highest common factor of 26 and u.
26
Suppose -20 = -g + 12. What is the greatest common divisor of 4 and g?
4
Let h = -12 + 28. Suppose 5*p = p + h. What is the greatest common divisor of 4 and p?
4
Let k(u) = 4*u - 6. Let c(d) = -d**2 + 6*d + 6. Let s be c(7). Let x be 8/((s 